et d(c) = 2*c**2 - 9*c - 11 - 12*c**2 + c**f + 0 + 0*c**3. What are the prime factors of d(11)?
11
Let i(f) be the third derivative of -f**7/720 + f**5/30 + 2*f**2. Let v(y) be the third derivative of i(y). List the prime factors of v(-1).
7
Let s be (4/4)/(2/22). Let u = -8 + s. Suppose 34 - 7 = u*c. What are the prime factors of c?
3
Suppose -4*z - 3*m + 16 = -0*m, 0 = -4*m. List the prime factors of z.
2
Let f(z) be the third derivative of 0 + 1/3*z**4 + 0*z - 2*z**2 - 1/60*z**5 + 1/2*z**3. What are the prime factors of f(6)?
3, 5
Suppose -5 = -4*k - k, 4*k = -5*t + 174. What are the prime factors of t?
2, 17
Suppose 6 = q + 1. Let m be (-3 - 0) + q - 0. Suppose 3*r - m = -u + 1, -2*u + 2*r = -14. List the prime factors of u.
2, 3
Let o(v) be the second derivative of v**6/720 + 11*v**5/60 + v**4/4 - v. Let l(i) be the third derivative of o(i). What are the prime factors of l(-11)?
11
Let f be (-6)/14 - 365/(-35). Let a be (f/(-3))/(2/(-3)). Suppose 3*v - 6*v + a*q + 6 = 0, -v = 2*q - 13. What are the prime factors of v?
7
Suppose 2*r = 2*z + 240 + 66, -300 = -2*r - z. Let l = r + -107. Suppose -5*k = -4*m + l + 8, 39 = 3*m - 4*k. What are the prime factors of m?
13
Suppose 0*p + p - 24 = 0. Suppose -3*v + p = 4*u, u - 1 = -2*u + 2*v. Suppose u*d - 7*d = -56. What are the prime factors of d?
2, 7
Let k(j) be the first derivative of -j**2/2 + 4*j + 1. Let z be k(4). Suppose z = -4*i + 2*p + 20, 15 = 4*i - p - 3. List the prime factors of i.
2
Suppose -5*z = -5*a - 5, 5*a - 1 = -z + 12. Suppose u - 4*j = z + 19, -3*u + 21 = 3*j. What are the prime factors of u?
2, 5
List the prime factors of (88/(-33))/((-327)/324 - -1).
2, 3
Suppose -19 - 25 = -x. What are the prime factors of x?
2, 11
Suppose -2*a + 589 = 117. List the prime factors of a.
2, 59
Let r(q) = q**3 - 3*q**2 - q + 3. Let v be r(3). Suppose -n + 36 = -3*p, 4*n + 4*p - 192 = -v*p. List the prime factors of n.
3, 5
Let n be (20/(-15))/(2/(-9)). Let w(y) = -y**2 + 9*y - 9. List the prime factors of w(n).
3
Let p = 7 - 3. Suppose -5*m + 26 = 4*x - x, 25 = p*m + x. List the prime factors of m.
7
Suppose 4*z = -y + 3*y + 30, 5*y = -z + 2. Let w be ((-15)/6 - -2)*-4. Suppose 9 + z = w*j. What are the prime factors of j?
2
Suppose 0 = -2*p - 2*i + 4*i + 250, -251 = -2*p + 3*i. What are the prime factors of p?
2, 31
Let q be 3/15 + 29/5. Let i(y) = -y**3 - y + 1. Let m be i(0). List the prime factors of (15/q)/(m/4).
2, 5
Suppose -2*n = h + 3*h - 104, 0 = -4*n - 4*h + 228. List the prime factors of n.
2, 31
Let x(j) = j**2 - 8*j - 6. Let i be x(-6). Let a = i - 54. What are the prime factors of a?
2, 3
Suppose -3*v - 5*d + 20 = 0, 5*d = -v + 6*v + 20. Suppose v = -3*z + u - 556, 5*z - 4*u - u = -940. What are the prime factors of z/(-18) - 8/36?
2, 5
Let z = -6 - -8. Suppose 0 = -z*t + 31 - 5. List the prime factors of t.
13
Suppose -2*l = -4*j + 70 - 10, 0 = 4*j - 3*l - 58. What are the prime factors of j?
2
Suppose -24 + 4 = -2*x. List the prime factors of 62/x - 6/30.
2, 3
Let f(a) = a**3 + 13*a**2 + 4*a - 7. List the prime factors of f(-5).
173
Let j = 9 + -6. Suppose -j*n = -0*n - 18. List the prime factors of n.
2, 3
Let m(o) = -3*o. Let b(k) = -k**2 + 4*k - 4. Let y be b(4). What are the prime factors of m(y)?
2, 3
Suppose -10*g + 7*g = -147. List the prime factors of g.
7
Suppose 4*v = -5*m - 198, -200 = 5*m + 3*v + 2*v. Let t = m - -53. List the prime factors of t.
3, 5
Let o = -1 + -1. What are the prime factors of o*(-2)/(-4)*-5?
5
Suppose -6*p - 40 = -p. Let c = p + 16. List the prime factors of c.
2
Let q(m) = 2*m - 9. Let c be q(6). List the prime factors of 76/12 - (-2)/c.
7
Let b(q) be the second derivative of -q**5/60 - 3*q**4/8 - 2*q**3/3 + 3*q**2/2 + q. Let g(r) be the first derivative of b(r). List the prime factors of g(-8).
2
Suppose -5*t = 2*a - 191, 4*t - 5*a = -0*a + 133. What are the prime factors of t?
37
Let t be 1*-2 + (-3 - -3). Let z = 10 + t. List the prime factors of z.
2
Suppose 3*m + 4 = 16. Suppose 12 = l + l + m*w, w = 2*l - 22. List the prime factors of l.
2, 5
Let l = 9 + -4. Suppose l*y = 18 - 3. Suppose -34 = -y*v - c, v - 4*c + 4 = 2*v. List the prime factors of v.
2, 3
Let v be (-2)/(-1) - (-1 + 1). Suppose -132 = v*k - 5*k. List the prime factors of k.
2, 11
Suppose 4*r + 222 = 6*r. What are the prime factors of r?
3, 37
Let w(o) be the second derivative of -o**4/12 - 5*o**3/3 + o**2/2 - 4*o. List the prime factors of w(-8).
17
Suppose -3*s = -d + 46, -2 = 2*s + 6. What are the prime factors of d?
2, 17
Suppose -4*t = -177 - 499. What are the prime factors of t?
13
List the prime factors of (-9)/(-27) - (317/(-3) - -1).
3, 5, 7
Let f(i) = 2*i + 8. Suppose 0 = -4*u - 18 - 10. Let p be f(u). What are the prime factors of -10*(1 - p/(-4))?
5
Let m(g) = -g**3 + g**2 - 2*g - 8. Let x be m(-6). List the prime factors of x/10 + (-27)/45.
5
Let v(r) = -2*r**2 + 5*r - 5*r**2 + r**3 + r. Let f be v(6). Let h = 8 + f. What are the prime factors of h?
2
Suppose -3*x + 160 = 4*p, 3*p - 110 = -3*x + 13. List the prime factors of p.
37
Let d = -2 + 5. Suppose 3*n - k = 15, 8*n - d*n = -5*k + 5. Suppose 65 = n*x + x. What are the prime factors of x?
13
Let f be ((-12)/3 + 2)*1. Let q(x) = -2*x**3 + 4*x**2 + 4*x + 2. Let b be q(f). Let k = b - 16. List the prime factors of k.
2, 5
Let b(f) = f**3 - 12*f**2 + 12*f - 3. Let j be b(11). Let o(n) = j*n**2 - 13 - 3*n**3 - n**3 + 3*n**3 + 11*n. List the prime factors of o(9).
5
Let u = 115 + -6. What are the prime factors of u?
109
Let b be (-9)/(-3)*19/(-3). Let w = b - -26. List the prime factors of w.
7
Let k(s) be the first derivative of s**4/4 - 2*s**3 - 3*s**2 - 3*s - 2. List the prime factors of k(7).
2
Let z(v) = -v**2 - 6*v - 4. Let x be z(-5). Let g be 6*x + 1 - -1. Suppose 3*p + 39 = 4*w, 3*w - 3*p - 38 = -g. List the prime factors of w.
3
Let x be 2 + (0/1)/(-1). Let c be (6/2 - x) + 2. Suppose -5 - 22 = -c*a. What are the prime factors of a?
3
Suppose 17 = 8*g - 111. What are the prime factors of g?
2
Let v(x) be the first derivative of 9*x**2/2 + 31. Suppose 3*b = 1 + 2. What are the prime factors of v(b)?
3
Suppose 0 = 2*b - 7*b. Suppose 3*x - x + 10 = b, s - 3*x = 18. List the prime factors of s.
3
Let g = 1 + -3. Let l = g + 5. Suppose -4*k = -w - l*w - 36, 0 = 2*k - 5*w - 24. What are the prime factors of k?
7
Let c = 2 - 0. Suppose c*u - 20 = -0. List the prime factors of u.
2, 5
What are the prime factors of 14 + 2/((-6)/(-9))?
17
Let g(p) = -p + 17. Let c be g(7). Let d be (-1)/5 + 22/c. Suppose -3*z = d*z - 40. List the prime factors of z.
2
Let x = 7 - 4. Suppose 0 = x*m - 6, -3*d + 5 = -5*m + 15. Suppose d*z + z = 13. List the prime factors of z.
13
Let l be -1 - 1*(0 - -1). List the prime factors of 47 - l - 16/4.
3, 5
Let i(m) = 2*m**2 + m + 6. List the prime factors of i(-4).
2, 17
Let x(y) = 3*y - 28 + 27 - 2*y + y**2. Suppose 2*g = -0*g + 6. What are the prime factors of x(g)?
11
Let h be (-18)/(-4)*6/9. List the prime factors of 150/8 + h/12.
19
Let n(z) = z - 4. Let v be n(6). Let h be v/2 + -1 + 5. Suppose 2*w = h*w - 18. List the prime factors of w.
2, 3
Let d be (1 + 1)*6/4. Suppose -4*x + 46 = -h + d*h, 0 = 5*x + 5*h - 50. What are the prime factors of x?
13
Suppose 5*t - 10*t + 665 = 0. Suppose 7*z - t = 182. What are the prime factors of z?
3, 5
Let u be (2 - (3 + 0))*-9. Let s(j) = 2*j**2 + 12*j - 3. Let v(d) = 3*d**2 + 23*d - 6. Let w(y) = 5*s(y) - 3*v(y). List the prime factors of w(u).
3
Let n(w) = -10*w + 41. Let f be n(0). Let y(t) = t**3 - 7*t**2 + 4*t + 2. Let d be y(5). Let h = d + f. List the prime factors of h.
13
Let k(l) = 2*l**3 - 2*l**2 + 2*l + 1. What are the prime factors of k(2)?
13
Let h = -4 + 7. Suppose -h*g - g + 8 = 0. List the prime factors of g.
2
Let r(k) be the second derivative of -k**5/20 + 7*k**4/12 - 5*k**3/6 - 3*k**2/2 - 5*k. What are the prime factors of r(6)?
3
Let k(r) = -16*r**3 + 1 + 36*r**3 + r - 21*r**3 + 4*r**2. List the prime factors of k(3).
13
Let a(j) = 3*j**3 - 4*j**2 + 2*j - 1. Let c be a(3). Suppose 3*b - 6*n - c = -5*n, 4*b - 35 = -5*n. Let o = b - 7. What are the prime factors of o?
2
Suppose -120 + 16 = 2*r. Let t = -27 - r. List the prime factors of t.
5
Let m = -17 - -25. Let s(f) = 4*f - 11. What are the prime factors of s(m)?